-11 + 101111010001001001011101010?
101111010001001001011100111
In base 14, what is -17 - 643868?
-643881
In base 9, what is 3 - -35887084?
35887087
In base 9, what is 1542 - 260178?
-257536
In base 16, what is e2f + 5f785?
605b4
In base 7, what is 6464 - 1251?
5213
In base 6, what is -1353 + 12151552?
12150155
In base 8, what is 11 - 2413276?
-2413265
In base 14, what is 240b585 - -1?
240b586
In base 5, what is -31 - 121134402?
-121134433
In base 3, what is -1101021020221 + -120021?
-1101021211012
In base 3, what is 1 + -122222200101122110?
-122222200101122102
In base 8, what is -5 + -764037705?
-764037712
In base 7, what is -41603145 + 6?
-41603136
In base 7, what is 416 + -5164253?
-5163534
In base 12, what is 781a + -38?
77a2
In base 7, what is -60243 + -621223?
-1011466
In base 14, what is -74b6227 - -4?
-74b6223
In base 5, what is -4030024141 + -10?
-4030024201
In base 14, what is 128d - -21c01?
23090
In base 7, what is 240216045 - 12?
240216033
In base 11, what is -29549 + -64?
-29602
In base 15, what is ab - -437?
4e3
In base 15, what is -4 - -24440d3?
24440ce
In base 11, what is -2 - -69788611?
6978860a
In base 2, what is 1 + 1000100110011100000111001000?
1000100110011100000111001001
In base 12, what is -36a04799 - -4?
-36a04795
In base 8, what is -17175 - -5102?
-12073
In base 10, what is 3 + 14897958?
14897961
In base 13, what is -12c407 - 4?
-12c40b
In base 12, what is 8b4 + -12628?
-11934
In base 6, what is 2403040444 + -3?
2403040441
In base 15, what is 335046da - -1?
335046db
In base 13, what is -5a2 + -6128?
-66ca
In base 16, what is 3d - -1b9ac?
1b9e9
In base 4, what is -1100223 + -31031?
-1131320
In base 3, what is 21112100 + 202201101?
1001020201
In base 15, what is 11957206 + 5?
1195720b
In base 12, what is -174 - -139990?
139818
In base 8, what is -4 + 52747551?
52747545
In base 6, what is 5004 - 501?
4103
In base 2, what is 101101111111010 + 1010100101110?
111000100101000
In base 5, what is -24021413 + 13024?
-24003334
In base 2, what is 1010010 + 1110101010101100011?
1110101010110110101
In base 10, what is -4201 - 16045?
-20246
In base 5, what is -1123220 - -22233?
-1100432
In base 3, what is 22010 - -12211121210?
12211220220
In base 6, what is 5 + -12302525541?
-12302525532
In base 4, what is -2 - -203002022213?
203002022211
In base 10, what is 326349 - 20?
326329
In base 15, what is -3 - -34a1a59?
34a1a56
In base 14, what is 0 - 2d2b952?
-2d2b952
In base 15, what is -159 - 17d4e?
-17ea8
In base 12, what is -35272 - 829?
-35a9b
In base 8, what is 103511 - 57?
103432
In base 8, what is 65254 + -40614?
24440
In base 2, what is 1111110011101110001001000 - -100?
1111110011101110001001100
In base 13, what is 47b76 - -72?
47c18
In base 3, what is -1100201100210 + 1002101?
-1100200021102
In base 16, what is -15 - 79e955?
-79e96a
In base 16, what is 3206f - -28?
32097
In base 12, what is 956b359 - -2?
956b35b
In base 11, what is -3296 + -a09?
-41a4
In base 9, what is 1677 - 475807?
-474120
In base 3, what is 2011212 + 21120?
2110102
In base 11, what is 458494 - -3a?
458523
In base 3, what is 211201100 + -202010?
210222020
In base 3, what is -12 - 11100221122221010?
-11100221122221022
In base 3, what is -100 + 2012211012120221?
2012211012120121
In base 7, what is -413036 - -1433?
-411303
In base 8, what is 221176 - -11?
221207
In base 6, what is 522 - 212550235?
-212545313
In base 2, what is -101001011 + 101011111100100?
101011010011001
In base 9, what is 3431038 + -151?
3430777
In base 3, what is 102001000 - -2010011?
111011011
In base 9, what is 72557 - 56?
72501
In base 9, what is 3 - -146122731?
146122734
In base 2, what is -1100011010101000111111010100 + -11?
-1100011010101000111111010111
In base 6, what is 304 - 2021020?
-2020312
In base 15, what is -5622a4 - -177?
-56212c
In base 6, what is 125 - 1400444?
-1400315
In base 12, what is 1b49 - 119?
1a30
In base 10, what is 4306054 + -18?
4306036
In base 14, what is 4 + 30c19b?
30c1a1
In base 5, what is 2 - -13304433104?
13304433111
In base 15, what is -41618d - -15?
-416178
In base 13, what is -57aa79 - 40?
-57aab9
In base 16, what is 1705d - -b5?
17112
In base 6, what is -1 - 11553022?
-11553023
In base 4, what is 2013122031000 - -10?
2013122031010
In base 7, what is 0 - -44042611?
44042611
In base 10, what is 4361 + -10720?
-6359
In base 3, what is 11202110210021 + -21?
11202110210000
In base 10, what is -3 - 2306098?
-2306101
In base 7, what is 625 + 14603665?
14604623
In base 16, what is -92 + 2ac4?
2a32
In base 4, what is 3120110020 + 210?
3120110230
In base 2, what is -10000100 + 1110001011100111?
1110001001100011
In base 2, what is -1000001111100 - -111101010?
-111010010010
In base 9, what is -1 - 30847672?
-30847673
In base 2, what is -10 - -110111001001101101101011?
110111001001101101101001
In base 16, what is 209b3 + -22?
20991
In base 10, what is 1853148 - -17?
1853165
In base 12, what is -132 + -89821?
-89953
In base 2, what is -1000000010001101111001111111 + 1?
-1000000010001101111001111110
In base 7, what is 6026 - -502614?
511643
In base 2, what is 10 + -1010101110000111010110100011?
-1010101110000111010110100001
In base 2, what is 100101000011 + 1111010010001?
10011111010100
In base 7, what is 126441356 - 23?
126441333
In base 7, what is -11 + -2111064?
-2111105
In base 6, what is -101 + -321044524?
-321045025
In base 12, what is -9577b4 - -14?
-9577a0
In base 2, what is -1111000001 - -1001001011100110?
1000111100100101
In base 8, what is 4 - 41514636?
-41514632
In base 16, what is adf + f8d?
1a6c
In base 14, what is -3cbc + -44?
-3d22
In base 4, what is 101 + 30013132?
30013233
In base 9, what is 542 + 384247?
384800
In base 7, what is 505 - -52412?
53220
In base 12, what is 1080a51 + 83?
1080b14
In base 10, what is 4769 - -5574?
10343
In base 13, what is -2c78c3 + -2?
-2c78c5
In base 5, what is 23142224 - -31?
23142310
In base 9, what is -1402641 + 43?
-1402587
In base 10, what is 111611385 - 0?
111611385
In base 12, what is -5 + 979182?
979179
In base 14, what is -27b27 + -a?
-27b33
In base 11, what is -a + -1a489036?
-1a489045
In base 14, what is -97dd162 - -4?
-97dd15c
In base 4, what is -2 + -12221220303103?
-12221220303111
In base 3, what is -1101122110112 + 11110?
-1101122022002
In base 12, what is -42b899 - 4?
-42b8a1
In base 16, what is -3b69e1 - -28?
-3b69b9
In base 13, what is -2 - 725586?
-725588
In base 3, what is 0 + -100212111111021?
-100212111111021
In base 12, what is 1 + -2143367?
-2143366
In base 3, what is 101211100 + 211021221?
1020010021
In base 14, what is d330 + -108?
d226
In base 2, what is -10010011001000010101101111 - -1?
-10010011001000010101101110
In base 5, what is -140 + -14034433?
-14040123
In base 2, what is -101 - 110011000011111101000101?
-110011000011111101001010
In base 9, what is -4858 + 45515?
40546
In base 5, what is 33413320000 + -4?
33413314441
In base 4, what is -30301220 + -1113303?
-32021123
In base 6, what is -3521555414 + -3?
-3521555421
In base 8, what is 13506 + 11514?
25222
In base 14, what is 105a + 21460?
224ba
In base 3, what is 2122101 + -220122020?
-210222212
In base 15, what is a33 - 2a67?
-2034
In base 8, what is 17 - 25307010?
-25306771
In base 2, what is 101001100100110000100000 - 100?
101001100100110000011100
In base 13, what is -571b3393 - 1?
-571b3394
In base 9, what is 64278 + -58251?
5027
In base 14, what is -26077 + -35?
-260ac
In base 10, what is 14907955 + 4?
14907959
In base 2, what is 101 + -1001010010100101100000?
-1001010010100101011011
In base 4, what is 20121212300000 + 12?
20121212300012
In base 6, what is 10555 - 1025420?
-1014421
In base 14, what is -a30baab + 0?
-a30baab
In base 13, what is 4950674 + a?
4950681
In base 12, what is 9476 + 73?
9529
In base 4, what is -1001 - 331232322?
-331233323
In base 6, what is -34204422 + -320?
-34205142
In base 4, what is -111 + -1031213211?
-1031213322
In base 12, what is 169 + 77018?
77185
In base 13, what is 0 + 92a8c3?
92a8c3
In base 13, what is 5c42469 + 7?
5c42473
In base 10, what is -179 - 1823405?
-1823584
In base 5, what is 111312 + -33102002?
-32440140
In base 2, what is -10000110111100001001 + 101?
-10000110111100000100
In base 5, what is -1 + 1313430421?
1313430420
In base 15, what is -1028 + -31?
-1059
In base 5, what is -420131